ivided by u.
18
Let u(b) = b**3 + b**2 + 21. Calculate the remainder when 57 is divided by u(0).
15
Suppose 3*x - 5*x - 10 = 0. Let y(a) = -a**2 - 6*a - 7. Let n be y(x). Calculate the remainder when ((-2)/(-3))/(n/(-57)) is divided by 7.
5
Calculate the remainder when 7 is divided by (1 - -1) + (18 - 15).
2
Let f = 5 - 3. Suppose 3*p = -f*t + 201, 0*p - 2*p = -3*t - 121. What is the remainder when p is divided by 22?
21
Let v(q) = -q**3 - 5*q**2 + 7*q - 4. What is the remainder when v(-8) is divided by 34?
30
What is the remainder when 75 is divided by 288/15 + (-4)/20?
18
Let r(a) = a**2 + 2. What is the remainder when r(-3) is divided by 5?
1
Suppose -c - 2*b = -3 + 9, -c + 6 = -b. Let j(z) = z**3 - 4*z**2 - 5*z. Let o be j(5). Calculate the remainder when 16 is divided by 9 - (c - o - 2).
7
Suppose -2*s = -9*s + 553. Calculate the remainder when s is divided by 20.
19
Let v(q) = -9*q**3 - 2*q**2 + 2*q - 1. Let x be v(1). Calculate the remainder when (-54)/x + (-2)/5 is divided by (-27)/(-6)*(-4)/(-6).
2
Calculate the remainder when (2 - -1) + (6 + -9 - -1) is divided by 1.
0
Suppose 0 = -0*z + 2*z + 18. Let x = -13 - z. Let j(a) = -a**3 - 3*a**2 - 5*a - 3. What is the remainder when j(x) is divided by 9?
6
What is the remainder when 363 is divided by 976/(-40)*(-1 + 9/(-6))?
58
Let s(p) = -3*p**2 + 5*p - 6. Let c be s(5). Let q = c + 102. What is the remainder when q is divided by 16?
14
Let k(q) = 6*q + 3. Let l be k(3). Let u = 8 + l. Let p = u + 3. What is the remainder when p is divided by 11?
10
Let x(j) = 41*j + 1. Let b be x(-1). Let u = -29 - b. What is the remainder when 21 is divided by u?
10
Let r = 7 + 1. Calculate the remainder when 30 is divided by r.
6
Let h(y) = y**3 + 9*y**2 - y - 3. Let b be h(-9). Suppose -b*n + 4*n = -90. What is the remainder when n is divided by 12?
9
Let f(g) = 6*g**3 - 2*g. Suppose 5*n = 5*v + 5, v + 2*v = 3. Suppose 3*x - 41 = 4. Calculate the remainder when f(n) is divided by x.
14
Suppose 7 = 3*f + 5*b, -2*b - 35 - 9 = -4*f. Let r = -47 + 81. What is the remainder when r is divided by f?
7
Let f(s) = s**3 + 5*s**2 - 9*s - 5. Suppose 4*k - 25 = 3. Calculate the remainder when f(-6) is divided by k.
6
Let d(z) = -z**2 - 6*z - 3. Let k be d(-7). Let f = 26 + k. Calculate the remainder when f is divided by 6.
4
Let s(p) = 5*p - 26. What is the remainder when 5 is divided by s(6)?
1
Let p(m) = m**3 + 3*m**2 - 14*m - 12. What is the remainder when p(-5) is divided by 3?
2
Suppose 3*p - 3*m = 75, 0 = -2*p + 2*m - 6*m + 68. Suppose l = 6*l. Suppose l = 4*o - 23 - 17. What is the remainder when p is divided by o?
8
Let m(a) = -a**2 + 8*a - 6. Suppose z = -0*z - 26. Let q = z + 43. What is the remainder when q is divided by m(5)?
8
Let n(a) = 10*a**2 + 2*a - 6. Calculate the remainder when n(-3) is divided by 16.
14
Suppose 30 = -b + 6. Calculate the remainder when -3 - (-7)/((-14)/b) is divided by 6.
3
Suppose -79 = -3*f - 5*v, 0*v = -5*f - 2*v + 119. Calculate the remainder when f is divided by 10.
3
Let a(g) be the second derivative of 41*g**4/12 + g**3/6 - g**2/2 + g. Calculate the remainder when a(1) is divided by -1 + 0 + -1 + 16.
13
What is the remainder when -2*(((-3)/(-2))/(-3) + -1) is divided by 1?
0
Suppose 9 + 11 = 5*n. Let t(b) = b**3 - b**2 - 5*b + 4. Let m be t(n). Let u = m - 22. What is the remainder when u is divided by 4?
2
Suppose 3*x = 4*a + 23 + 58, -63 = 2*a + 3*x. Let r = -11 - a. Calculate the remainder when (146 - 160)*(24/14)/(-1) is divided by r.
11
Suppose 9*h - 30 = 4*h. What is the remainder when 23 is divided by h?
5
Let h(w) be the first derivative of 2*w**3/3 + 2*w**2 - 3*w - 3. Calculate the remainder when 37 is divided by h(2).
11
Let r(w) = w**3 - 5*w**2 - 8*w - 2. Calculate the remainder when r(8) is divided by 44.
38
Suppose c - 18 = -3*h, -2*h = -c - 0*h + 13. Suppose z - c = -0*z. Calculate the remainder when 28 is divided by z.
13
Let x(v) = v**3 - 7*v**2 + 2*v - 10. Calculate the remainder when 15 is divided by x(7).
3
Suppose -11 = -2*v + 15. Suppose 43 = t + 2*q, -47 = 7*t - 8*t - q. Calculate the remainder when t is divided by v.
12
Let q = -4 - -17. Let p = q - 1. What is the remainder when p is divided by 7?
5
Let z(y) = 6*y + 2. Let q(d) = -d**3 - 4*d**2 - 4*d. Let t be q(-3). What is the remainder when 39 is divided by z(t)?
19
Calculate the remainder when 11 is divided by 0 + (-3 + 6 - -4).
4
Suppose 3*y - 34 = y. Let p = -52 + 18. Let v = p - -84. What is the remainder when v is divided by y?
16
Suppose 7*t = 10*t - 147. What is the remainder when t is divided by 13?
10
Let k(h) = -4*h**3 - h**2 - 3*h - 1. Calculate the remainder when 9 is divided by k(-1).
4
Let l = -8 + 8. Suppose -15 = -3*x - z, z - 3 + 6 = l. What is the remainder when 23 is divided by x?
5
Calculate the remainder when (40/(-1))/(6/(-3)) is divided by 12.
8
Let k(l) = l**2 + 23. What is the remainder when k(0) is divided by 12?
11
Let m = -68 + 113. Suppose m - 220 = -5*f. What is the remainder when f is divided by 18?
17
Let h = -62 + 40. Suppose 2*r + 10 + 20 = 0. Let j = r - h. Calculate the remainder when 12 is divided by j.
5
Suppose -4*j = -20, -3*u + 6*u + 2*j - 163 = 0. Calculate the remainder when u is divided by (-39)/((-1)/(6/9)).
25
Let v be ((-430)/15)/(1/(-3)). Suppose 0 = t + t - v. Calculate the remainder when t is divided by 1*1/(-1)*-15.
13
Let m = -70 + 109. Calculate the remainder when m is divided by 6.
3
Suppose -3*z + 2*a = 4, -2*a = 3*z - 0*a - 16. Let g = -1 - -3. Suppose -2*v = -5*c - 0 - g, -5*v = 4*c - 5. Calculate the remainder when z is divided by v.
0
Suppose -5*t + 3 = -32. Suppose j + t = -4*p + 26, p = 5*j - 11. Suppose 0 = -5*z + 83 - 8. Calculate the remainder when z is divided by p.
3
Suppose 140 = 5*j + 4*c, -3*c - 112 = -6*j + 2*j. What is the remainder when j is divided by 15?
13
Let a = 14 + -14. Suppose 2*q = -a*q + 32. What is the remainder when 62 is divided by q?
14
Let a(l) = l - 1. Calculate the remainder when 9 is divided by a(4).
0
What is the remainder when -2 + -1 - (-104 + -1) is divided by 26?
24
Let w be -1 - (-7 + (1 - 1)). Suppose w*k - 2*k - 26 = -2*o, -2*o + 6 = -k. Let q = 33 - k. What is the remainder when q is divided by 10?
9
Let y be -1*(3 + 6/(-3)). Let r(p) = -p + 1. Calculate the remainder when (-93)/9*y*3 is divided by r(-7).
7
Let b = 104 - 32. Let i be (-2)/(((-3)/b)/1). Suppose i = a + 2*a. What is the remainder when a is divided by 9?
7
Let v = -4 + 24. Let q be (-18)/(-4) + 3/6. Calculate the remainder when v is divided by q + (-2)/(1/(-1)).
6
Let k(z) = -z + 9. Calculate the remainder when 33 is divided by k(-9).
15
Let k be (15/(-6) - -2)*-36. Suppose -2*g + k - 2 = 0. What is the remainder when 14 is divided by g?
6
Calculate the remainder when 30 is divided by -3*(-3 - (-7)/(-3)).
14
Calculate the remainder when 18/36 + (14/4)/1 is divided by 3.
1
Suppose -o + 2*r + r = 5, 0 = -o - 3*r + 13. Suppose 0 = z - 2*g - 3*g + 11, o*z - g + 6 = 0. Calculate the remainder when (0 - z) + 1 + 3 is divided by 2.
1
Let n = -398 - -416. Calculate the remainder when 4/2 - (-68 + 1) is divided by n.
15
Let l = 51 + -26. Let a be ((-10)/4)/((-3)/54). Suppose -b - 4*b = -a. What is the remainder when l is divided by b?
7
Let u(t) = -16*t + 1. What is the remainder when u(-5) is divided by 17?
13
Suppose 2*j - 11 = m, -4*j - 4*m + 3*m = -7. Let a = 11 - j. Calculate the remainder when 14 is divided by a.
6
Let o = 203 - 45. Suppose 5*c = o + 177. Calculate the remainder when c is divided by 23.
21
Let p(x) = -2*x - 8. Let j be p(-6). Suppose -j*y + 112 = -0*y - 4*k, 0 = -5*k. What is the remainder when y is divided by 10?
8
Let p = -19 - -29. Calculate the remainder when 58 is divided by p.
8
Let z = -20 + 32. Let w be (46/4)/(3/(-12)). Calculate the remainder when (-2 + (-6)/(-4))*w is divided by z.
11
Let v(u) = -u**3 - 10*u**2 - 11*u + 17. Calculate the remainder when 103 is divided by v(-9).
33
Let f(t) = -t**3 + 2*t**2 + 4*t - 1. Suppose 3*u - 24 + 4 = -s, 0 = -u + 4*s + 11. Calculate the remainder when u is divided by f(3).
1
Let q(a) = 3*a + 1. Let l be q(1). Let x(n) = -n + 22. What is the remainder when (-606)/(-14) - l/14 is divided by x(0)?
21
Suppose -4*g - 6 = -26. Let t be (-4)/14 + 191/7. Let k = t - 14. Wha